e prime factors of 4/(12/(-1))*(-7)/((-7)/(-10698)).
2, 1783
Let m(n) = 400*n**2 - 44*n - 23. List the prime factors of m(8).
5, 1009
Let t(u) = -2*u**3 - 24*u**2 - 7*u - 14. Let b be t(-12). List the prime factors of 8/10 - (-18634)/b.
3, 89
Let i(g) = -g - 5. Let b be i(-9). Suppose 4*d + b = t - 0, 5*t = d + 1. Let o(h) = -h**2 - h + 82. List the prime factors of o(t).
2, 41
Let h(q) = 47 - 5*q + 11*q + 2*q + 4*q. Let x be h(11). Suppose 2*s = 465 - x. What are the prime factors of s?
11, 13
Suppose 716040 = 27*f + 28*f - 3*f. What are the prime factors of f?
2, 3, 5, 17
Let b = 76 + -65. Let i(h) = -235*h + 26 + b + 243*h. What are the prime factors of i(9)?
109
Let a(v) = 3511*v - 2723. List the prime factors of a(8).
3, 5, 19, 89
Suppose 2672 = 4*s - 12688. What are the prime factors of s?
2, 3, 5
What are the prime factors of (-2 - 24/(-15))/((-66)/936210)?
2, 2837
Let a(q) = -2*q**3 + 3 + q**3 + q**3 - 20*q + 5 + q**3. List the prime factors of a(8).
2, 3, 5
Suppose -21*k - 54 = -30*k. Suppose -6*x - k*x + 1032 = 0. List the prime factors of x.
2, 43
List the prime factors of (140/30*(1 + -4))/(8/(-5108)).
7, 1277
Let v(b) = 546*b**3 - 4*b**2 + 39*b - 121. What are the prime factors of v(4)?
5, 6983
Let x = -231 - -236. Suppose 5*q - q - 2146 = -2*m, -4*m = x*q - 4295. List the prime factors of m.
5, 43
Let f = 700 + -695. Suppose -3*g + q + 4216 = 0, f*q + 4301 - 1486 = 2*g. What are the prime factors of g?
5, 281
Suppose 14*o + 44 = 16*o + 4*v, 5*o - 146 = 2*v. What are the prime factors of (2/(o/21))/(3/234)?
3, 13
Let z = -39 + 192. Let b = 45 + z. List the prime factors of b.
2, 3, 11
Suppose -j - 292314 = -4*l + 9170, 75401 = l - 4*j. List the prime factors of l.
3, 7, 37, 97
Suppose 4*j - 404 - 84 = 0. Let s = 122 - j. Suppose -4*l + 395 + 211 = 2*t, -2*t + 4*l + 574 = s. What are the prime factors of t?
5, 59
Let y(h) = -4*h**2 - 79*h + 198. Let f be y(-22). Let p be 4/2 + (1 - 1). Suppose f = -p*n + 76 + 114. List the prime factors of n.
5, 19
Let s(u) = u**2 + 8*u - 17. Let a be s(-13). Let h = -34 + a. Let t = 87 - h. List the prime factors of t.
73
Suppose -12*d = -8789 - 823. What are the prime factors of d?
3, 89
Suppose 4*t = 2*n + 188980, -254072 = -5*t - 4*n - 17834. What are the prime factors of t?
2, 23623
Let l(x) = -x**3 - 36*x**2 - 48*x - 221. Let k be l(-35). Suppose -w + 1108 = k. What are the prime factors of w?
2, 19, 23
Let d = -9608 + 13600. Suppose -k + s = -999, d = -0*k + 4*k - 5*s. What are the prime factors of k?
17, 59
Suppose -108 + 113 = f. Suppose 2*x = -f*v + 15, -3 = -2*x + x + 2*v. Suppose x*c - 1274 = 211. What are the prime factors of c?
3, 11
Let d(j) = j**2 - 4 + 43*j + 24 - 26*j. Let c be d(-16). Suppose 195 = c*l - l - 3*a, 65 = l + 3*a. List the prime factors of l.
5, 13
Suppose -85*b + 306 = -83*b. Suppose n - 232 = -5*x, -5*x - b = 5*n - 1413. What are the prime factors of n?
257
Let a(x) = x**3 + x**2 - x. Let b be a(0). Suppose b*f + 4 = -f, 2*f = 3*u - 845. Suppose 4*g = l + u - 65, 5*g + 5*l = 280. What are the prime factors of g?
2, 3
Suppose -13 = -2*z - 19. List the prime factors of (-3)/(-30)*5*(-2898)/z.
3, 7, 23
Suppose -40*w + 602483 = 151403. List the prime factors of w.
3, 7, 179
Let r = -34 - -40. Let q be 2920/r*9/24*4. Suppose -q = -4*d - 42. What are the prime factors of d?
2, 43
Let o(b) be the first derivative of b**3/3 + 3*b**2 - 23*b + 25. Let p be o(15). Suppose -29*m + p = -27*m. What are the prime factors of m?
2, 73
Suppose -1745 = 6*d - 48334 + 6155. List the prime factors of d.
23, 293
What are the prime factors of (23/(-92))/(3/(-4908))?
409
Suppose -2*u = 2, 109 = 5*l - u - 62. Suppose 0 = l*i - 4624 - 10540. What are the prime factors of i?
2, 223
Let l(f) be the third derivative of 11*f**5/60 + 7*f**4/8 - f**3/6 + 19*f**2 + 2*f. What are the prime factors of l(-6)?
269
Let n(j) = -j**3 + j**2 + 5*j + 4. Let d be n(-3). Suppose -664 = 23*z - d*z. Let v = z + -150. What are the prime factors of v?
2, 7, 13
Suppose p = 5 + 9. Suppose -p*t - 100 = 26. Let z(j) = 2*j**2 + 12*j - 9. What are the prime factors of z(t)?
3, 5
Let m = 176 - -141. Let z = m - 111. Suppose -3*q + z = -10. List the prime factors of q.
2, 3
Let j(w) = -2*w - 4. Suppose 38 = 4*s - 66. Suppose 5*q + s = p - 41, q - 3*p + 19 = 0. What are the prime factors of j(q)?
2, 11
Suppose -34*u + 39*u - 19585 = 5*i, -5*u - 4*i + 19567 = 0. What are the prime factors of u?
3, 5, 29
Suppose 8*s = 4*s + 5*n + 3121, 4*s + 4*n - 3112 = 0. Suppose 1174 = 3*q - s. List the prime factors of q.
3, 7, 31
List the prime factors of (-6)/11 + (-4686552)/(-286).
2, 3, 2731
Let f be 1*8/(-10)*(61 + -1). Let h(j) = -30*j**3 + 3*j**2 + 5*j. Let w be h(-4). What are the prime factors of w/f*-2 - (-1)/(-6)?
3
Let n(k) = -8*k + 8244. What are the prime factors of n(0)?
2, 3, 229
Let a be 3/6*(4 - (-1 + -1)). Suppose -w + 4*n - 52 = 0, w - 5*w - a*n - 151 = 0. List the prime factors of (7 + 552/w)/((-2)/50).
2, 5, 17
Suppose 0 = -3*g - 3, -5*o + 2*g = -22 - 325. Let i(m) = 12*m + 24 + o*m**3 - 12*m**2 - 34*m**3 - 34*m**3. List the prime factors of i(12).
2, 3, 7
Let a be ((-1)/(-1))/(4/(-2216)). Suppose w = -374 + 378. List the prime factors of (-8)/28 + a*w/(-14).
2, 79
Let z be 144/(-54) + (8/(-6))/(-2). Let a be (-3 - 0) + ((-276)/z)/(-3). Let n = -24 - a. List the prime factors of n.
5
Suppose 2*m = -11 + 131. Let d = -62 + m. What are the prime factors of -3*(-7)/(-3)*50/d?
5, 7
Let a(d) = -d**2 - 63*d**3 + 186*d**3 + 76*d**3 + 10*d - 9. What are the prime factors of a(1)?
199
Let k = 207 + -1036. Let r = 1370 + k. List the prime factors of r.
541
Let t(z) = -4*z**3 - 12*z**2 - z - 12. Let x be t(-5). Suppose -5*r + 607 = 3*u, -5*u + 4*u + x = 4*r. List the prime factors of u.
11, 19
Let o = 2630 + 5520. Suppose 28*i - 38*i + o = 0. What are the prime factors of i?
5, 163
Let p = -316 + 319. Suppose 0*r = p*r - 882. What are the prime factors of r?
2, 3, 7
Suppose h = -4*v - h - 34, -5*v = -h + 53. Let f(m) = 4*m + 28. Let k be f(v). List the prime factors of k/(-20) - (-4748)/20.
2, 7, 17
Let y(i) = -7*i**3 - 2*i**2 + 5*i - 5. Let w(o) = -o**3 - o**2 - 1. Let k(t) = 2*w(t) - y(t). Let j = -23 + 25. List the prime factors of k(j).
3, 11
Suppose -4*d + 143432 = 5*w, 156*w + d + 143467 = 161*w. What are the prime factors of w?
2, 3, 797
Let u = 1516 - 11. Let b = u - 631. List the prime factors of b.
2, 19, 23
Suppose -7*p + 28 = -5*p. Suppose -14 = -7*k + p. List the prime factors of 2/(k/274) + -1.
2, 17
Let h(v) be the first derivative of 5*v**3 + 14*v + 15 - 1/4*v**4 - 7/2*v**2. What are the prime factors of h(14)?
2, 7
Suppose 2920 = 5*t + 2*y - 8319, 2*t - 3*y - 4507 = 0. List the prime factors of t.
13, 173
List the prime factors of -392*(22/33)/2*2940/(-8).
2, 5, 7
Suppose -1336 = 9*t - 19139 - 89000. List the prime factors of t.
11867
Suppose 0 = -3*j + 2*v + v + 27507, -3*v + 9185 = j. List the prime factors of j.
9173
Suppose -6*n + 5*n + 11 = 0. Suppose 3*t + 3*v = 3, -2*v = t + 3*v + n. Suppose -195 = -t*h + 65. List the prime factors of h.
5, 13
Let i(n) be the first derivative of -63*n**4/4 - 4*n**3/3 + 3*n**2/2 + 4*n + 23. List the prime factors of i(-2).
2, 3
Let j be 1*(-1743)/9*3. Let n = 1398 + j. What are the prime factors of n?
19, 43
Let y = 27113 + -15459. List the prime factors of y.
2, 5827
Let z(b) be the second derivative of -b**5/20 + 7*b**4/4 + 8*b**3/3 + 22*b**2 + 309*b. List the prime factors of z(21).
2, 5, 19
Suppose -4*v + 8 = 0, 2*w - 3*v - v = 218. Let k(m) = -m**3 + 26*m**2 - 15*m - 78. Let r be k(25). Let z = r - w. What are the prime factors of z?
59
Let u = -69 - -74. Suppose 52 = u*m + 8*m. Suppose -3*d + 247 = w, -m*w - d + 761 + 172 = 0. What are the prime factors of w?
2, 29
Suppose -2*u - f + 786 = 2*u, -f = 2*u - 394. Suppose -5*l = 3*k - u, l = 2*l + 4. Suppose -12*q + 8*q + k = 0. What are the prime factors of q?
2, 3
List the prime factors of 13 + -26 + 2/(10/94345).
2, 2357
What are the prime factors of (3*-502 - 4)*-4*468/240?
2, 3, 13, 151
Suppose 4*h + h + 20 = 3*z, 2*h + 12 = 2*z. Suppose 8*j - 11*j - z*y + 419 = 0, 0 = -4*j - 4*y + 548. List the prime factors of j.
7, 19
Let t be 9401/(-35) - (-6)/(-15). Let s = -100 - t. List the prime factors of s.
13
Let 